{"id":551,"date":"2022-06-15T07:13:12","date_gmt":"2022-06-15T07:13:12","guid":{"rendered":"https:\/\/startersites.io\/stagingfour\/?page_id=3"},"modified":"2026-04-15T14:03:35","modified_gmt":"2026-04-15T07:03:35","slug":"privacy-policy","status":"publish","type":"page","link":"https:\/\/truelovetramyeu.vn\/privacy-policy\/","title":{"rendered":"Ch\u00ednh s\u00e1ch b\u1ea3o m\u1eadt"},"content":{"rendered":"\n<p>C\u00d4NG TY C\u1ed4 PH\u1ea6N LOVE JOURNEY (sau \u0111\u00e2y g\u1ecdi l\u00e0 &#8220;True Love &#8211; Tr\u1ea1m Y\u00eau&#8221; ho\u1eb7c &#8220;Ch\u00fang t\u00f4i&#8221;) cam k\u1ebft b\u1ea3o v\u1ec7 tuy\u1ec7t \u0111\u1ed1i s\u1ef1 ri\u00eang t\u01b0 v\u00e0 d\u1eef li\u1ec7u c\u00e1 nh\u00e2n c\u1ee7a kh\u00e1ch h\u00e0ng. Ch\u00ednh s\u00e1ch b\u1ea3o m\u1eadt n\u00e0y gi\u1ea3i th\u00edch c\u00e1ch ch\u00fang t\u00f4i thu th\u1eadp, l\u01b0u tr\u1eef, s\u1eed d\u1ee5ng v\u00e0 b\u1ea3o v\u1ec7 th\u00f4ng tin c\u1ee7a b\u1ea1n khi b\u1ea1n truy c\u1eadp website v\u00e0 s\u1eed d\u1ee5ng d\u1ecbch v\u1ee5 t\u01b0 v\u1ea5n, mai m\u1ed1i c\u1ee7a ch\u00fang t\u00f4i.<\/p>\n\n\n\n<h3 class=\"wp-block-heading\" id=\"1-muc-dich-va-pham-vi-thu-thap-thong-tin\"><strong>1. M\u1ee5c \u0110\u00edch V\u00e0 Ph\u1ea1m Vi Thu Th\u1eadp Th\u00f4ng Tin<\/strong><\/h3>\n\n\n\n<p>\u0110\u1ec3 cung c\u1ea5p d\u1ecbch v\u1ee5 mai m\u1ed1i v\u00e0 t\u01b0 v\u1ea5n t\u00ecnh c\u1ea3m ch\u00ednh x\u00e1c, ch\u1ea5t l\u01b0\u1ee3ng cao, True Love &#8211; Tr\u1ea1m Y\u00eau y\u00eau c\u1ea7u kh\u00e1ch h\u00e0ng cung c\u1ea5p c\u00e1c th\u00f4ng tin sau:<\/p>\n\n\n\n<ul class=\"wp-block-list\">\n<li><strong>Th\u00f4ng tin \u0111\u1ecbnh danh:<\/strong> H\u1ecd t\u00ean, Ng\u00e0y th\u00e1ng n\u0103m sinh, CCCD\/H\u1ed9 chi\u1ebfu, \u0110\u1ecba ch\u1ec9 th\u01b0\u1eddng tr\u00fa, \u0110\u1ecba ch\u1ec9 li\u00ean h\u1ec7, S\u1ed1 \u0111i\u1ec7n tho\u1ea1i, Email.<\/li>\n\n\n\n<li><strong>Th\u00f4ng tin c\u00e1 nh\u00e2n &amp; nh\u00e2n th\u00e2n:<\/strong> T\u00ecnh tr\u1ea1ng h\u00f4n nh\u00e2n, tr\u00ecnh \u0111\u1ed9 h\u1ecdc v\u1ea5n, ngh\u1ec1 nghi\u1ec7p, t\u00ecnh tr\u1ea1ng s\u1ee9c kh\u1ecfe th\u1ec3 ch\u1ea5t v\u00e0 tinh th\u1ea7n, ti\u1ec1n \u00e1n\/ti\u1ec1n s\u1ef1.<\/li>\n\n\n\n<li><strong>Ti\u00eau ch\u00ed t\u00ecm ki\u1ebfm:<\/strong> C\u00e1c y\u00eau c\u1ea7u v\u00e0 mong mu\u1ed1n c\u00e1 nh\u00e2n \u0111\u1ed1i v\u1edbi ng\u01b0\u1eddi b\u1ea1n \u0111\u1eddi\/\u0111\u1ed1i t\u01b0\u1ee3ng h\u1eb9n h\u00f2 t\u01b0\u01a1ng lai.<\/li>\n<\/ul>\n\n\n\n<p><strong>M\u1ee5c \u0111\u00edch thu th\u1eadp:<\/strong><\/p>\n\n\n\n<ul class=\"wp-block-list\">\n<li>L\u1eadp h\u1ed3 s\u01a1 c\u00e1 nh\u00e2n v\u00e0 \u0111\u1ed1i chi\u1ebfu ch\u00ednh x\u00e1c \u0111\u1ec3 s\u00e0ng l\u1ecdc, \u0111\u1ec1 xu\u1ea5t \u0111\u1ed1i t\u01b0\u1ee3ng gh\u00e9p \u0111\u00f4i ph\u00f9 h\u1ee3p nh\u1ea5t.<\/li>\n\n\n\n<li>X\u00e1c minh t\u00ednh trung th\u1ef1c c\u1ee7a h\u1ed3 s\u01a1 nh\u1eb1m x\u00e2y d\u1ef1ng m\u1ed9t c\u1ed9ng \u0111\u1ed3ng h\u1eb9n h\u00f2 an to\u00e0n, v\u0103n minh.<\/li>\n\n\n\n<li>Li\u00ean l\u1ea1c, t\u01b0 v\u1ea5n t\u00e2m l\u00fd v\u00e0 h\u1ed7 tr\u1ee3 s\u1eafp x\u1ebfp c\u00e1c bu\u1ed5i g\u1eb7p g\u1ee1 tr\u1ef1c ti\u1ebfp.<\/li>\n<\/ul>\n\n\n\n<h3 class=\"wp-block-heading\" id=\"2-phuong-thuc-luu-tru-va-bao-ve-du-lieu\"><strong>2. Ph\u01b0\u01a1ng Th\u1ee9c L\u01b0u Tr\u1eef V\u00e0 B\u1ea3o V\u1ec7 D\u1eef Li\u1ec7u<\/strong><\/h3>\n\n\n\n<p>True Love &#8211; Tr\u1ea1m Y\u00eau \u00e1p d\u1ee5ng c\u00e1c ti\u00eau chu\u1ea9n b\u1ea3o m\u1eadt kh\u1eaft khe nh\u1ea5t \u0111\u1ed1i v\u1edbi d\u1eef li\u1ec7u c\u1ee7a kh\u00e1ch h\u00e0ng.<\/p>\n\n\n\n<ul class=\"wp-block-list\">\n<li>To\u00e0n b\u1ed9 h\u1ed3 s\u01a1 c\u1ee7a kh\u00e1ch h\u00e0ng \u0111\u01b0\u1ee3c ph\u00e2n lo\u1ea1i, m\u00e3 h\u00f3a v\u00e0 qu\u1ea3n l\u00fd t\u1eadp trung th\u00f4ng qua h\u1ec7 th\u1ed1ng ph\u1ea7n m\u1ec1m Salely AI CRM, \u0111\u1ea3m b\u1ea3o lu\u1ed3ng d\u1eef li\u1ec7u \u0111\u01b0\u1ee3c ki\u1ec3m so\u00e1t ch\u1eb7t ch\u1ebd.<\/li>\n\n\n\n<li>Ch\u1ec9 nh\u1eefng chuy\u00ean gia t\u01b0 v\u1ea5n v\u00e0 nh\u00e2n s\u1ef1 tr\u1ef1c ti\u1ebfp ph\u1ee5 tr\u00e1ch h\u1ed3 s\u01a1 c\u1ee7a b\u1ea1n m\u1edbi \u0111\u01b0\u1ee3c c\u1ea5p quy\u1ec1n truy c\u1eadp v\u00e0o c\u00e1c th\u00f4ng tin c\u00e1 nh\u00e2n n\u00e0y.<\/li>\n\n\n\n<li>M\u1ecdi t\u00e0i li\u1ec7u v\u0103n b\u1ea3n, h\u00ecnh \u1ea3nh do kh\u00e1ch h\u00e0ng cung c\u1ea5p trong qu\u00e1 tr\u00ecnh th\u1ef1c hi\u1ec7n d\u1ecbch v\u1ee5 \u0111\u1ec1u \u0111\u01b0\u1ee3c l\u01b0u tr\u1eef v\u00e0 b\u1ea3o qu\u1ea3n an to\u00e0n.<\/li>\n<\/ul>\n\n\n\n<h3 class=\"wp-block-heading\" id=\"3-nguyen-tac-chia-se-thong-tin\"><strong>3. Nguy\u00ean T\u1eafc Chia S\u1ebb Th\u00f4ng Tin<\/strong><\/h3>\n\n\n\n<p>Ch\u00fang t\u00f4i <strong>tuy\u1ec7t \u0111\u1ed1i kh\u00f4ng mua b\u00e1n, trao \u0111\u1ed5i ho\u1eb7c cho thu\u00ea<\/strong> d\u1eef li\u1ec7u c\u00e1 nh\u00e2n c\u1ee7a b\u1ea1n cho b\u1ea5t k\u1ef3 b\u00ean th\u1ee9 ba n\u00e0o v\u00ec m\u1ee5c \u0111\u00edch th\u01b0\u01a1ng m\u1ea1i. Th\u00f4ng tin c\u1ee7a b\u1ea1n ch\u1ec9 \u0111\u01b0\u1ee3c chia s\u1ebb trong c\u00e1c tr\u01b0\u1eddng h\u1ee3p gi\u1edbi h\u1ea1n sau:<\/p>\n\n\n\n<ul class=\"wp-block-list\">\n<li><strong>V\u1edbi \u0110\u1ed1i t\u01b0\u1ee3ng \u0111\u01b0\u1ee3c gh\u00e9p \u0111\u00f4i:<\/strong> Ch\u00fang t\u00f4i ch\u1ec9 chia s\u1ebb nh\u1eefng th\u00f4ng tin c\u01a1 b\u1ea3n mang t\u00ednh gi\u1edbi thi\u1ec7u (\u0111\u00e3 \u0111\u01b0\u1ee3c b\u1ea1n \u0111\u1ed3ng \u00fd) cho \u0111\u1ed1i t\u00e1c ti\u1ec1m n\u0103ng nh\u1eb1m m\u1ee5c \u0111\u00edch ti\u1ebfn t\u1edbi quan h\u1ec7 h\u1eb9n h\u00f2.<\/li>\n\n\n\n<li><strong>X\u00e1c minh th\u00f4ng tin:<\/strong> Ch\u00fang t\u00f4i c\u00f3 th\u1ec3 chia s\u1ebb th\u00f4ng tin nh\u00e2n th\u00e2n cho c\u00e1c c\u01a1 quan c\u00f3 th\u1ea9m quy\u1ec1n ho\u1eb7c b\u00ean th\u1ee9 ba uy t\u00edn \u0111\u1ec3 ti\u1ebfn h\u00e0nh x\u00e1c minh ch\u00e9o t\u00ednh x\u00e1c th\u1ef1c c\u1ee7a h\u1ed3 s\u01a1.<\/li>\n\n\n\n<li><strong>Y\u00eau c\u1ea7u ph\u00e1p l\u00fd:<\/strong> True Love &#8211; Tr\u1ea1m Y\u00eau s\u1ebd cung c\u1ea5p th\u00f4ng tin c\u00e1 nh\u00e2n c\u1ee7a b\u1ea1n khi c\u00f3 y\u00eau c\u1ea7u h\u1ee3p l\u1ec7 t\u1eeb c\u00e1c c\u01a1 quan nh\u00e0 n\u01b0\u1edbc c\u00f3 th\u1ea9m quy\u1ec1n theo quy \u0111\u1ecbnh c\u1ee7a ph\u00e1p lu\u1eadt.<\/li>\n<\/ul>\n\n\n\n<h3 class=\"wp-block-heading\" id=\"4-trach-nhiem-bao-mat-tu-phia-khach-hang\"><strong>4. Tr\u00e1ch Nhi\u1ec7m B\u1ea3o M\u1eadt T\u1eeb Ph\u00eda Kh\u00e1ch H\u00e0ng<\/strong><\/h3>\n\n\n\n<p>B\u1ea3o m\u1eadt l\u00e0 tr\u00e1ch nhi\u1ec7m t\u1eeb hai ph\u00eda. Kh\u00e1ch h\u00e0ng s\u1eed d\u1ee5ng d\u1ecbch v\u1ee5 t\u1ea1i True Love &#8211; Tr\u1ea1m Y\u00eau c\u00f3 ngh\u0129a v\u1ee5:<\/p>\n\n\n\n<ul class=\"wp-block-list\">\n<li>Cam k\u1ebft tuy\u1ec7t \u0111\u1ed1i kh\u00f4ng ti\u1ebft l\u1ed9 b\u1ea5t k\u1ef3 th\u00f4ng tin, h\u00ecnh \u1ea3nh n\u00e0o c\u1ee7a True Love &#8211; Tr\u1ea1m Y\u00eau, Ng\u01b0\u1eddi \u0111\u01b0\u1ee3c gi\u1edbi thi\u1ec7u, ho\u1eb7c B\u00ean th\u1ee9 ba cho ng\u01b0\u1eddi kh\u00e1c d\u01b0\u1edbi m\u1ecdi h\u00ecnh th\u1ee9c (l\u1eddi n\u00f3i, tin nh\u1eafn, m\u1ea1ng x\u00e3 h\u1ed9i).<\/li>\n\n\n\n<li>Vi\u1ec7c s\u1eed d\u1ee5ng d\u1ecbch v\u1ee5 c\u1ee7a True Love &#8211; Tr\u1ea1m Y\u00eau \u0111\u01b0\u1ee3c coi l\u00e0 b\u00ed m\u1eadt c\u00e1 nh\u00e2n. H\u00e0nh vi t\u1ef1 \u00fd chia s\u1ebb th\u00f4ng tin c\u1ee7a Ng\u01b0\u1eddi \u0111\u01b0\u1ee3c gi\u1edbi thi\u1ec7u l\u00e0 vi ph\u1ea1m nghi\u00eam tr\u1ecdng. True Love &#8211; Tr\u1ea1m Y\u00eau c\u00f3 quy\u1ec1n chuy\u1ec3n h\u1ed3 s\u01a1 cho c\u01a1 quan ph\u00e1p lu\u1eadt x\u1eed l\u00fd theo \u0110i\u1ec1u 38 B\u1ed9 lu\u1eadt D\u00e2n s\u1ef1 2015 v\u1ec1 quy\u1ec1n b\u00ed m\u1eadt \u0111\u1eddi s\u1ed1ng ri\u00eang t\u01b0.<\/li>\n<\/ul>\n\n\n\n<h3 class=\"wp-block-heading\" id=\"5-thoi-gian-luu-tru-va-quyen-cua-khach-hang\"><strong>5. Th\u1eddi Gian L\u01b0u Tr\u1eef V\u00e0 Quy\u1ec1n C\u1ee7a Kh\u00e1ch H\u00e0ng<\/strong><\/h3>\n\n\n\n<ul class=\"wp-block-list\">\n<li><strong>Th\u1eddi gian l\u01b0u tr\u1eef:<\/strong> Ngh\u0129a v\u1ee5 b\u1ea3o m\u1eadt th\u00f4ng tin s\u1ebd \u0111\u01b0\u1ee3c True Love &#8211; Tr\u1ea1m Y\u00eau v\u00e0 kh\u00e1ch h\u00e0ng duy tr\u00ec kh\u00f4ng x\u00e1c \u0111\u1ecbnh th\u1eddi h\u1ea1n, ngay c\u1ea3 khi H\u1ee3p \u0111\u1ed3ng d\u1ecbch v\u1ee5 \u0111\u00e3 ch\u1ea5m d\u1ee9t. D\u1eef li\u1ec7u s\u1ebd \u0111\u01b0\u1ee3c l\u01b0u tr\u1eef an to\u00e0n cho \u0111\u1ebfn khi c\u00f3 y\u00eau c\u1ea7u h\u1ee7y b\u1ecf h\u1ee3p l\u1ec7 t\u1eeb ph\u00eda kh\u00e1ch h\u00e0ng.<\/li>\n\n\n\n<li><strong>Quy\u1ec1n l\u1ee3i:<\/strong> Kh\u00e1ch h\u00e0ng c\u00f3 quy\u1ec1n y\u00eau c\u1ea7u xem x\u00e9t, c\u1eadp nh\u1eadt, \u0111i\u1ec1u ch\u1ec9nh ho\u1eb7c y\u00eau c\u1ea7u True Love &#8211; Tr\u1ea1m Y\u00eau x\u00f3a b\u1ecf th\u00f4ng tin c\u00e1 nh\u00e2n c\u1ee7a m\u00ecnh ra kh\u1ecfi h\u1ec7 th\u1ed1ng b\u1ea5t k\u1ef3 l\u00fac n\u00e0o b\u1eb1ng c\u00e1ch g\u1eedi y\u00eau c\u1ea7u qua email h\u1ed7 tr\u1ee3 ch\u00ednh th\u1ee9c.<\/li>\n<\/ul>\n\n\n\n<h3 class=\"wp-block-heading\" id=\"6-thong-tin-lien-he\"><strong>6. Th\u00f4ng Tin Li\u00ean H\u1ec7<\/strong><\/h3>\n\n\n\n<p>N\u1ebfu b\u1ea1n c\u00f3 b\u1ea5t k\u1ef3 c\u00e2u h\u1ecfi n\u00e0o v\u1ec1 Ch\u00ednh s\u00e1ch b\u1ea3o m\u1eadt n\u00e0y ho\u1eb7c c\u00e1ch ch\u00fang t\u00f4i x\u1eed l\u00fd d\u1eef li\u1ec7u, vui l\u00f2ng li\u00ean h\u1ec7 tr\u1ef1c ti\u1ebfp:<\/p>\n\n\n\n<p><strong>C\u00d4NG TY C\u1ed4 PH\u1ea6N LOVE JOURNEY<\/strong><\/p>\n\n\n\n<ul class=\"wp-block-list\">\n<li><strong>Tr\u1ee5 s\u1edf ch\u00ednh:<\/strong> S\u1ed1 06 Thi S\u00e1ch, Ph\u01b0\u1eddng B\u1ebfn Ngh\u00e9, Qu\u1eadn 1, TP. H\u1ed3 Ch\u00ed Minh.<\/li>\n\n\n\n<li><strong>Chi nh\u00e1nh:<\/strong> S\u1ed1 264 T\u00f4 Hi\u1ebfn Th\u00e0nh, Ph\u01b0\u1eddng 15, Qu\u1eadn 10, TP. H\u1ed3 Ch\u00ed Minh.<\/li>\n\n\n\n<li><strong>\u0110i\u1ec7n tho\u1ea1i:<\/strong> 0775 954 505.<\/li>\n\n\n\n<li><strong>Email:<\/strong> truelovetramyeu@gmail.com<\/li>\n<\/ul>\n","protected":false},"excerpt":{"rendered":"<p>C\u00d4NG TY C\u1ed4 PH\u1ea6N LOVE JOURNEY (sau \u0111\u00e2y g\u1ecdi l\u00e0 &#8220;True Love &#8211; Tr\u1ea1m Y\u00eau&#8221; ho\u1eb7c &#8220;Ch\u00fang t\u00f4i&#8221;) cam k\u1ebft b\u1ea3o v\u1ec7 tuy\u1ec7t \u0111\u1ed1i s\u1ef1 ri\u00eang t\u01b0 v\u00e0 d\u1eef li\u1ec7u c\u00e1 nh\u00e2n c\u1ee7a kh\u00e1ch h\u00e0ng. Ch\u00ednh s\u00e1ch b\u1ea3o m\u1eadt n\u00e0y gi\u1ea3i th\u00edch c\u00e1ch ch\u00fang t\u00f4i thu th\u1eadp, l\u01b0u tr\u1eef, s\u1eed d\u1ee5ng v\u00e0 b\u1ea3o v\u1ec7 th\u00f4ng [&hellip;]<\/p>\n","protected":false},"author":1,"featured_media":0,"parent":0,"menu_order":0,"comment_status":"closed","ping_status":"open","template":"","meta":{"_gspb_post_css":"","footnotes":""},"class_list":["post-551","page","type-page","status-publish","hentry"],"blocksy_meta":[],"lang":"vi","translations":{"vi":551},"pll_sync_post":[],"_links":{"self":[{"href":"https:\/\/truelovetramyeu.vn\/wp-json\/wp\/v2\/pages\/551","targetHints":{"allow":["GET"]}}],"collection":[{"href":"https:\/\/truelovetramyeu.vn\/wp-json\/wp\/v2\/pages"}],"about":[{"href":"https:\/\/truelovetramyeu.vn\/wp-json\/wp\/v2\/types\/page"}],"author":[{"embeddable":true,"href":"https:\/\/truelovetramyeu.vn\/wp-json\/wp\/v2\/users\/1"}],"replies":[{"embeddable":true,"href":"https:\/\/truelovetramyeu.vn\/wp-json\/wp\/v2\/comments?post=551"}],"version-history":[{"count":4,"href":"https:\/\/truelovetramyeu.vn\/wp-json\/wp\/v2\/pages\/551\/revisions"}],"predecessor-version":[{"id":3967,"href":"https:\/\/truelovetramyeu.vn\/wp-json\/wp\/v2\/pages\/551\/revisions\/3967"}],"wp:attachment":[{"href":"https:\/\/truelovetramyeu.vn\/wp-json\/wp\/v2\/media?parent=551"}],"curies":[{"name":"wp","href":"https:\/\/api.w.org\/{rel}","templated":true}]}}